 - 43)).
19
What is -5 + 2 + -4 + -11 + 16?
-2
-2 + (-3 - (-7 - 2) - 1)
3
Calculate -31 - (-22 - 16 - -5).
2
What is 9 + 18 - (-1 + (-2 - (-12 + 4)))?
22
Evaluate (1 - -5) + (3 - 5 - -2 - 2).
4
What is (1 - -9) + (9 - (0 - -19))?
0
Evaluate (5 - 12) + 13 + -2 + 1.
5
What is the value of 47 + -13 - (20 - 7)?
21
-17 - (12 - ((-13 - 6) + 16))
-32
Evaluate 24 - 16 - (-6 - -26).
-12
What is -18 - (-6 - 7 - -11)?
-16
What is (-1 - -6) + 3 - (-7 - -25)?
-10
What is the value of 5 + 0 - (405 + -418 - (-2 + -19))?
-3
Evaluate -14 + (-28 - -25 - (-1 + 1)) + -1.
-18
1 + 2 + 3 + (-15 - (-14 - -13))
-8
Evaluate (-6 - -15) + 4 - 13.
0
Evaluate -5 + (-4 + 29 - -1 - (-7 + 3)).
25
What is the value of 5 + -26 + 6 + -8 + 7 + 0?
-16
What is the value of -4 + (-4 - -13 - (3 - 0)) + -11?
-9
Evaluate 2 + 35 - 56 - (-8 + 1).
-12
What is 1 + -5 + 0 - (-24 + 5)?
15
(0 - (7 - (8 - 8))) + 18
11
Calculate 4 + -4 - (-9 - 2).
11
What is 26 + -29 + -41 - -22?
-22
What is the value of (-5 - (-11 + 0) - (-1 + 3)) + -4?
0
Calculate 6 + -17 + (14 - 20).
-17
Evaluate 19 - -1 - (-734 + 772).
-18
What is -22 - -22 - (1 + 2) - -1 - -16?
14
Evaluate ((4 - 10) + 11 - -1) + -5.
1
Calculate 25 + -6 + 2 + (-9 - 2).
10
What is 6 - (9 + 3 + -29 + (11 - 1))?
13
Evaluate 149 + -161 - (-3 + 0).
-9
-18 - (-2 - (7 - (-10 - -10)))
-9
What is 0 + -1 + (18 - (37 + -13))?
-7
What is 15 - (17 - (14 - 8) - 18)?
22
What is 5 - 5 - 3 - (6 - (8 + -13))?
-14
Evaluate 1 + (-3 - 1) + (-70 - -72).
-1
What is (1 - 1) + (13 - -1) + 687 + -711?
-10
What is -6 + (3 - -18) - 9 - 25?
-19
Evaluate 15 - (2 + (27 - 9)) - 21.
-26
What is the value of 25 + -29 + 31 + (-8 - 1) + -3?
15
Evaluate (4 - (29 - 22)) + (3 - 24).
-24
Calculate (34 - 20) + -1 + -10.
3
What is 31 - -5 - (61 + -47)?
22
What is the value of 1 + -6 + (20 - -19)?
34
What is the value of (-4 - -2) + -4 + -10 + -4?
-20
Evaluate (1 - 27) + (-59 - -111).
26
19 + -7 + (-3 - (1 - 10))
18
What is -32 + (32 + -5 - 7)?
-12
Calculate 12 + -25 + 16 + 7.
10
What is (-2798 - -2816) + ((-2 - 1) + 2 - 8)?
9
What is the value of -13 + 13 + -13 - -9?
-4
-6 - (-7 + -2 - (10 + -14))
-1
What is the value of -27 - (23 + -29 + 18)?
-39
What is the value of 10 + (-17 - -6) + -9?
-10
Calculate 34 + -39 + (-1 - 1) - -1.
-6
Evaluate 12 - (-8 + 42) - (-5 - 0).
-17
Calculate (-13 - 8) + -14 + 27.
-8
What is the value of -5 + (-19 - (2 + -13))?
-13
What is 25 + (-5 + -1 - 13)?
6
Calculate 14 + (-7 - -2 - (6 + -11)).
14
(-16 + 23 - -10) + -4
13
What is the value of (2 - 7 - -9) + 26 + -23?
7
-20 + -3 + 32 + -24
-15
Evaluate -183 + 165 - (9 + -44).
17
Calculate -1 + (24 - -1) + (5 - (11 + -3)).
21
38 + -41 + (0 - 0 - 2)
-5
1573 + -1612 + (2 + 0 - -8)
-29
What is (-1 + 8 - (-42 + 42)) + -15 - 3?
-11
What is the value of -19 + 0 + 19 + 12?
12
Calculate 1 + -1 + 11 + -578 + 587.
20
Calculate -14 + 8 + -14 + (5 - 3) + 2.
-16
What is -6 + (0 + -3 - 0) - (-9 + -37)?
37
What is (1 - 5 - -8) + 3 + 2 - -8?
17
Evaluate -12 + 7 + (-6 - (-6 + 6)).
-11
What is -1 + 18 + (16 - 44)?
-11
Calculate 2 + (3 - (-9 - -12)).
2
8 + 5 + -4 + -2 + -10
-3
What is 8 + 0 + -10 + -1 - -5?
2
What is the value of 2 + 6 - ((-19 + 12 - -12) + 3)?
0
What is -6 + 3 + 1 + (20 - 7 - 13)?
-2
Evaluate -19 + 37 + -12 - 3.
3
Evaluate 1 + -19 + 28 + -5.
5
What is the value of 66 + -24 + -13 + -11?
18
0 + 9 + 9 + (3 - 2) - -6
25
Calculate (3 - -4) + 4 + -4.
7
Evaluate 4 - ((1 - 5) + 15 + -17 + 7).
3
Calculate -13 - (-27 + 8 + -2).
8
What is the value of (26 - 13) + (9 - 30) + (-3 - -36)?
25
Evaluate (9 + -6 + -5 - (-7 - -6)) + 7.
6
Calculate 3 + (4 - (16 - -3)) - (-54 + 62).
-20
Calculate (26 + -17 - (-1 + 3 + 3)) + 0.
4
What is the value of 22 - 17 - 32 - -16?
-11
45 + -17 + -13 + -20
-5
What is -32 + 24 - -15 - -22?
29
31 + 10 + 0 + -21
20
Evaluate 13 - (-1 + 5 + 2) - (9 + -10).
8
Evaluate -9 + (1 - 1 - 0) + (376 - 371).
-4
Calculate 6 - 13 - -11 - (-10 - -4).
10
What is the value of 2 + (-17 - 2 - -16)?
-1
Calculate -19 + 0 - (5 - (7 - (4 + -2))).
-19
What is the value of 13 + -8 - (9 - 1)?
-3
What is the value of -36 - -35 - (-15 + 11 + -5)?
8
Evaluate -5 - (7 - (33 + -16)).
5
45 + -2 + (-5 - (-7 + 1 + 7))
37
Evaluate (9 - 2) + (1 - -2) - -9.
19
Calculate 12 + (6 - (15 - 19)).
22
Calculate (-34 - -2) + 58 + -7 + -6.
13
(-4 - -3) + 0 + -9 - -10
0
What is 284 - 249 - (34 + -2)?
3
What is (184 - 210) + 27 + 2?
3
Calculate 4 - (-5 + (5 - (1 - -2))).
7
What is 15 - (-26 + 45 + 1)?
-5
Evaluate -3 + (-4 - (-46 + 60)).
-21
-7 + 3 - (11 - 4)
-11
What is -15 + 19 + (-12 - -7)?
-1
Calculate -10 - ((-5 - (-11 - (5 - 6))) + -4).
-11
-2 - ((-26 - -9) + 23)
-8
Evaluate 0 - 7 - (1 - -3 - (-10 + 8)).
-13
Evaluate 10 + (-12 - -19) - 30.
-13
Calculate 0 - (-7 - -1 - (-2 - (-2 + 0))).
6
Calculate 8 + -12 - (12 + 6) - -7.
-15
Evaluate -2 + (2 + 1 - 1).
0
Calculate 1 + 9 + -8 + (-5 - 1) - 11.
-15
Calculate -8 + 15 + (-4 - -2 - -2) + 5.
12
-8 + 23 + (-6 + -1 - (-95 - -80))
23
What is the value of (-36 - -36) + (10 - 8)?
2
What is the value of 57 + (47 - -1) + -79?
26
What is -54 + (18 - -4) - -8?
-24
Calculate 0 + -7 - (-8 + (-13 - -20)).
-6
What is the value of -6 - (-5 - 13 - -26)?
-14
What is the value of 18 - (-21 - (-23 + -20))?
-4
-5 + 2 - 3 - (1 + (-11 - -2))
2
(-78 - -80) + 2 + -12
-8
-3 + 2 + 4 - (16 + -20)
7
(-1 - -6) + (3 - 3) + (79 - 85)
-1
What is -3 + (17 - 15) + 14?
13
What is the value of 0 + 0 - 0 - (-63 + (-66 - -112))?
17
Evaluate 33 + -6 + -24 + -34.
-31
-8 + (-8 - 2 - -23) - (0 - -5)
0
Evaluate 2 - (-20 + 9 + -5) - (0 - -6).
12
Calculate -12 + 28 - 1 - (13 - -11).
-9
Evaluate -2 + ((-9 - -5) + -6 - 5).
-17
Calculate (-39 - -42) + 1 + 3.
7
(2 - -1 - 7) + (9 - (16 + -12))
1
What is the value of (-10 + 9 - 19) + 25?
5
Evaluate -10 + (10 - -2) + (9 - 5).
6
What is -54 + 52 - (-1 + -1)?
0
-1 - ((6 - (2 - (-2 + 1))) + 0)
-4
(-44 - -51) + (-3 - -2) + 11
17
Calculate (1 - 0) + (-169 - -154) - 4.
-18
What is the value of -18 + (5 - (-9 + (0 - -6)))?
-10
Calculate -31 + 2 - (-2 + 4) - (-1 - 4).
-26
What is the value of -15 + (-7 - (-12 - -7)) + 12?
-5
Evaluate -9 + 2 - (-42 - -107 - 54).
-18
What is (7 - 15) + -4 - -5?
-7
What is (40 - 71) + 27 - 8?
-12
What is (6 + -11 - -2 - (-2 + 2)) + 4?
1
(37 + -33 + -12 - (-5 + 1)) + 9
5
Calculate -18 - (9 + (0 - 21)).
-6
What is (-2 - ((1 - -1) + 1)) + -70 + 82?
7
-19 + 24 + (3 - 1) - 9
-2
What is 14 - 5 - (26 + -1 + -8)?
-8
What is the value of (4 - (-9 - -6)) + (-4 - -5 - 5)?
3
4 + 12 - 22 - 7
-13
What is -19 + 1 + 26 + 1 + 0 + -19?
-10
-2 + -6 + (-2 - -10 - (-1 + 0))
1
Calculate (9 - -31 - 30) + -27.
-17
What is the value of 578 + -571 + (14 - -1)?
22
What is (-8 - -1) + 8 + -8?
-7
101 + -119 - (-30 - 1)
13
What is the value of -11 + -3 - -16 - (6 - 8)?
4
Calculate (0 - -6 - (1 - -2)) + 13 + -5.
11
What is the value of -7 + -1 + -103 + 111?
0
What is the value of (-5 - -8) + (-3 - 3) + 10 - 7?
0
(139 - 132) + -1 + -3 + -1 + -2
0
-4 + -29 + -2 - (504 - 515)
-24
(-4 - 7) + -8 - -21
2
Calculate 8 + -16 + -7 - (-12 - (-6 + 3)).
-6
What is the value of 20 + -17 + ((-10 - -6) + -6 - -6)?
-1
Calculate -2 + (1 - -2) - (0 - (-7 + -2)).
-8
Evaluate (-5 + 8 - 1) + 6 + -5 + -8.
-5
What is the value of (126 - 131) + (6 - -2)?
3
Evaluate -7 - (-1 + -12 + (-345 - -337)).
14
Calculate (-67 - -86) + -1 + 6 - 7.
17
-55 - -28 - 0 - -21
-6
What is the value of -33 + (31 - 20) + 52?
30
Calculate (8 - (8 + 10)) + 26.
16
(-6 + 16 - 0) + -4 + 10
16
What is the value of -5 - (7 - (13 + -1))?
0
(1 - 13 - (-17 + 28 + -11)) + 4
-8
What is 21 - (-2 - (-5 - 14))?
4
Evaluate 4 - (-5 - (0 + -25 + (4 - 1))).
-13
What is the value of 15 + (-3 - 9) + (-5 - -10)?
8
-9 + (9 + -6 - -19)
13
-2129 - -2091 - (-43 + 1)
4
What is the value of 3 - 5 - (115 + -105 - (1 + -5))?
-16
What is 10 + (-3 - 0) - (-12 - (11 + -16))?
14
What is the value of 2 - (1 - ((-25 - -9) + 7))?
-8
What is the value of 13 + (-12 - -2) + -3 + 15?
15
What is the value of -8 + 39 - (4 + 3 + -5 - -7)?
22
What is the value of 5 - (14 - (-2 + 10))?
-1
Evaluate 7 + 4 + -29 + 12.
-6
Calculate 3 - (20 - 32) - 34 - -33.
14
What is (20 - 22 - 4) + (3 - 8)?
-11
What is (-5 - -45) + -66 + 16?
-10
(-4 - (-31 + (0 - -2))) + (18 - 19)
24
Calculate -6 + (2 + 2 - (9 - 0 - 3)).
-8
Evaluate (-1 - (-6 + 3)) + (-2 - 7) + -3.
-10
Calculate -25 - ((-67 - -28) + 18).
-4